{"id":217,"date":"2020-03-10T19:54:19","date_gmt":"2020-03-10T19:54:19","guid":{"rendered":"http:\/\/mvek.de\/?page_id=217"},"modified":"2024-03-15T13:11:23","modified_gmt":"2024-03-15T13:11:23","slug":"vorstandschaft","status":"publish","type":"page","link":"http:\/\/mvek.de\/?page_id=217","title":{"rendered":"Vorstandschaft"},"content":{"rendered":"<table style=\"height: 479px; width: 360px;\">\n<tbody>\n<tr style=\"height: 66px;\">\n<td style=\"width: 117.733px; height: 66px;\">1. Vorstand<\/td>\n<td style=\"width: 233.767px; height: 66px;\">Marc D\u00f6rpfeld<br \/>\n<a href=\"mailto:1.vorstand@mvek.de\">1. vorstand@mvek.de<\/a><br \/>\n+49152 2259 6484<\/td>\n<\/tr>\n<tr style=\"height: 46px;\">\n<td style=\"width: 117.733px; height: 46px;\">2. Vorstand<\/td>\n<td style=\"width: 233.767px; height: 46px;\">Sebastian Kirchgaesser<br \/>\n<a href=\"mailto:2.vorstand@mvek.de\">2.vorstand@mvek.de<\/a><\/td>\n<\/tr>\n<tr style=\"height: 46px;\">\n<td style=\"width: 117.733px; height: 46px;\">Kassierer<\/td>\n<td style=\"width: 233.767px; height: 46px;\">Hagen Aurich<br \/>\n<a href=\"mailto:kassierer@mvek.de\">kassierer@mvek.de<\/a><\/td>\n<\/tr>\n<tr style=\"height: 46px;\">\n<td style=\"width: 117.733px; height: 46px;\">Schriftf\u00fchrer<\/td>\n<td style=\"width: 233.767px; height: 46px;\">Carina Wirtz<br \/>\n<a href=\"mailto:schriftfuehrer@mvek.de\">schriftfuehrer@mvek.de<\/a><\/td>\n<\/tr>\n<tr style=\"height: 46px;\">\n<td style=\"width: 117.733px; height: 46px;\">Jugendleiter<\/td>\n<td style=\"width: 233.767px; height: 46px;\">Simone Bodack<br \/>\n<a href=\"mailto:jugendleiter@mvek.de\">jugendleiter@mvek.de<\/a><\/td>\n<\/tr>\n<tr style=\"height: 46px;\">\n<td style=\"width: 117.733px; height: 46px;\">Eventmanager<\/td>\n<td style=\"width: 233.767px; height: 46px;\">Tanja B\u00fcrgin<br \/>\n<a href=\"mailto:eventmanager@mvek.de\">eventmanager@mvek.de<\/a><\/td>\n<\/tr>\n<tr style=\"height: 46px;\">\n<td style=\"width: 117.733px; height: 46px;\">Notenwart<\/td>\n<td style=\"width: 233.767px; height: 46px;\">Heike M\u00f6llendorf<br \/>\nAdolf Kalkovski<\/td>\n<\/tr>\n<tr style=\"height: 46px;\">\n<td style=\"width: 117.733px; height: 46px;\">Materialwart<\/td>\n<td style=\"width: 233.767px; height: 46px;\">Heiko Andris-M\u00f6llendorf<\/td>\n<\/tr>\n<tr style=\"height: 25px;\">\n<td style=\"width: 117.733px; height: 44px;\">Aktivbeisitzer<\/td>\n<td style=\"width: 233.767px; height: 44px;\">Christian Zoller<\/td>\n<\/tr>\n<tr style=\"height: 25px;\">\n<td style=\"width: 117.733px; height: 47px;\">Passivbeisitzer<\/td>\n<td style=\"width: 233.767px; height: 47px;\">Joachim Wechlin<\/td>\n<\/tr>\n<\/tbody>\n<\/table>\n","protected":false},"excerpt":{"rendered":"<p>1. Vorstand Marc D\u00f6rpfeld 1. vorstand@mvek.de +49152 2259 6484 2. Vorstand Sebastian Kirchgaesser 2.vorstand@mvek.de Kassierer Hagen Aurich kassierer@mvek.de Schriftf\u00fchrer Carina Wirtz schriftfuehrer@mvek.de Jugendleiter Simone Bodack jugendleiter@mvek.de Eventmanager Tanja B\u00fcrgin eventmanager@mvek.de Notenwart Heike M\u00f6llendorf Adolf Kalkovski Materialwart Heiko Andris-M\u00f6llendorf Aktivbeisitzer Christian<\/p>\n","protected":false},"author":1,"featured_media":0,"parent":0,"menu_order":7,"comment_status":"closed","ping_status":"closed","template":"","meta":{"footnotes":""},"class_list":["post-217","page","type-page","status-publish","hentry"],"aioseo_notices":[],"_links":{"self":[{"href":"http:\/\/mvek.de\/index.php?rest_route=\/wp\/v2\/pages\/217","targetHints":{"allow":["GET"]}}],"collection":[{"href":"http:\/\/mvek.de\/index.php?rest_route=\/wp\/v2\/pages"}],"about":[{"href":"http:\/\/mvek.de\/index.php?rest_route=\/wp\/v2\/types\/page"}],"author":[{"embeddable":true,"href":"http:\/\/mvek.de\/index.php?rest_route=\/wp\/v2\/users\/1"}],"replies":[{"embeddable":true,"href":"http:\/\/mvek.de\/index.php?rest_route=%2Fwp%2Fv2%2Fcomments&post=217"}],"version-history":[{"count":11,"href":"http:\/\/mvek.de\/index.php?rest_route=\/wp\/v2\/pages\/217\/revisions"}],"predecessor-version":[{"id":1009,"href":"http:\/\/mvek.de\/index.php?rest_route=\/wp\/v2\/pages\/217\/revisions\/1009"}],"wp:attachment":[{"href":"http:\/\/mvek.de\/index.php?rest_route=%2Fwp%2Fv2%2Fmedia&parent=217"}],"curies":[{"name":"wp","href":"https:\/\/api.w.org\/{rel}","templated":true}]}}

<table style="height: 479px; width: 360px;">
<tbody>
<tr style="height: 66px;">
<td style="width: 117.733px; height: 66px;">1. Vorstand</td>
<td style="width: 233.767px; height: 66px;">Marc Dörpfeld<br />
<a href="mailto:1.vorstand@mvek.de">1. vorstand@mvek.de</a><br />
+49152 2259 6484</td>
</tr>
<tr style="height: 46px;">
<td style="width: 117.733px; height: 46px;">2. Vorstand</td>
<td style="width: 233.767px; height: 46px;">Sebastian Kirchgaesser<br />
<a href="mailto:2.vorstand@mvek.de">2.vorstand@mvek.de</a></td>
</tr>
<tr style="height: 46px;">
<td style="width: 117.733px; height: 46px;">Kassierer</td>
<td style="width: 233.767px; height: 46px;">Hagen Aurich<br />
<a href="mailto:kassierer@mvek.de">kassierer@mvek.de</a></td>
</tr>
<tr style="height: 46px;">
<td style="width: 117.733px; height: 46px;">Schriftführer</td>
<td style="width: 233.767px; height: 46px;">Carina Wirtz<br />
<a href="mailto:schriftfuehrer@mvek.de">schriftfuehrer@mvek.de</a></td>
</tr>
<tr style="height: 46px;">
<td style="width: 117.733px; height: 46px;">Jugendleiter</td>
<td style="width: 233.767px; height: 46px;">Simone Bodack<br />
<a href="mailto:jugendleiter@mvek.de">jugendleiter@mvek.de</a></td>
</tr>
<tr style="height: 46px;">
<td style="width: 117.733px; height: 46px;">Eventmanager</td>
<td style="width: 233.767px; height: 46px;">Tanja Bürgin<br />
<a href="mailto:eventmanager@mvek.de">eventmanager@mvek.de</a></td>
</tr>
<tr style="height: 46px;">
<td style="width: 117.733px; height: 46px;">Notenwart</td>
<td style="width: 233.767px; height: 46px;">Heike Möllendorf<br />
Adolf Kalkovski</td>
</tr>
<tr style="height: 46px;">
<td style="width: 117.733px; height: 46px;">Materialwart</td>
<td style="width: 233.767px; height: 46px;">Heiko Andris-Möllendorf</td>
</tr>
<tr style="height: 25px;">
<td style="width: 117.733px; height: 44px;">Aktivbeisitzer</td>
<td style="width: 233.767px; height: 44px;">Christian Zoller</td>
</tr>
<tr style="height: 25px;">
<td style="width: 117.733px; height: 47px;">Passivbeisitzer</td>
<td style="width: 233.767px; height: 47px;">Joachim Wechlin</td>
</tr>
</tbody>
</table>

<p>1. Vorstand Marc Dörpfeld 1. vorstand@mvek.de +49152 2259 6484 2. Vorstand Sebastian Kirchgaesser 2.vorstand@mvek.de Kassierer Hagen Aurich kassierer@mvek.de Schriftführer Carina Wirtz schriftfuehrer@mvek.de Jugendleiter Simone Bodack jugendleiter@mvek.de Eventmanager Tanja Bürgin eventmanager@mvek.de Notenwart Heike Möllendorf Adolf Kalkovski Materialwart Heiko Andris-Möllendorf Aktivbeisitzer Christian</p>
