{"id":101,"date":"2020-03-10T10:53:49","date_gmt":"2020-03-10T10:53:49","guid":{"rendered":"http:\/\/mvek.de\/?page_id=101"},"modified":"2025-11-18T14:03:55","modified_gmt":"2025-11-18T14:03:55","slug":"termine","status":"publish","type":"page","link":"https:\/\/mvek.de\/?page_id=101","title":{"rendered":"Termine"},"content":{"rendered":"<p>Der Musikverein Efringen-Kirchen veranstaltet jedes Jahr einige Events und zudem spielen wir auch an diversen Festen in der Region.<\/p>\n<p><a href=\"http:\/\/mvek.de\/?page_id=89\">Termine 2025<\/a><\/p>\n<p><a href=\"http:\/\/mvek.de\/?page_id=97\">Termine 2026<\/a><\/p>\n<p>Wir freuen uns, Sie im Publikum bei einem unserer Auftritte begr\u00fc\u00dfen zu d\u00fcrfen.<\/p>\n","protected":false},"excerpt":{"rendered":"<p>Der Musikverein Efringen-Kirchen veranstaltet jedes Jahr einige Events und zudem spielen wir auch an diversen Festen in der Region. Termine 2025 Termine 2026 Wir freuen uns, Sie im Publikum bei einem unserer Auftritte begr\u00fc\u00dfen zu d\u00fcrfen.<\/p>\n","protected":false},"author":1,"featured_media":0,"parent":0,"menu_order":2,"comment_status":"closed","ping_status":"closed","template":"","meta":{"footnotes":""},"class_list":["post-101","page","type-page","status-publish","hentry"],"aioseo_notices":[],"_links":{"self":[{"href":"https:\/\/mvek.de\/index.php?rest_route=\/wp\/v2\/pages\/101","targetHints":{"allow":["GET"]}}],"collection":[{"href":"https:\/\/mvek.de\/index.php?rest_route=\/wp\/v2\/pages"}],"about":[{"href":"https:\/\/mvek.de\/index.php?rest_route=\/wp\/v2\/types\/page"}],"author":[{"embeddable":true,"href":"https:\/\/mvek.de\/index.php?rest_route=\/wp\/v2\/users\/1"}],"replies":[{"embeddable":true,"href":"https:\/\/mvek.de\/index.php?rest_route=%2Fwp%2Fv2%2Fcomments&post=101"}],"version-history":[{"count":17,"href":"https:\/\/mvek.de\/index.php?rest_route=\/wp\/v2\/pages\/101\/revisions"}],"predecessor-version":[{"id":1126,"href":"https:\/\/mvek.de\/index.php?rest_route=\/wp\/v2\/pages\/101\/revisions\/1126"}],"wp:attachment":[{"href":"https:\/\/mvek.de\/index.php?rest_route=%2Fwp%2Fv2%2Fmedia&parent=101"}],"curies":[{"name":"wp","href":"https:\/\/api.w.org\/{rel}","templated":true}]}}