{"id":12,"date":"2020-02-20T21:05:30","date_gmt":"2020-02-20T21:05:30","guid":{"rendered":"http:\/\/mvek.de\/?page_id=12"},"modified":"2026-03-02T19:15:14","modified_gmt":"2026-03-02T19:15:14","slug":"startseite","status":"publish","type":"page","link":"https:\/\/mvek.de\/","title":{"rendered":"Herzlich Willkommen!"},"content":{"rendered":"Wir freuen uns, Sie auf unserer Homepage des Musikvereins Efringen-Kirchen begr\u00fc\u00dfen zu d\u00fcrfen. Bei uns k\u00f6nnen Kinder ab einem Alter von 4 Jahren mit den Musikzwergen Ihre musikalische Laufbahn starten.\n\nWir freuen uns Sie bei unseren Konzerten begr\u00fc\u00dfen zu d\u00fcrfen!\n\nViel Spa\u00df beim St\u00f6bern!\n\nBesuchen Sie uns auch auf <a href=\"https:\/\/www.instagram.com\/musikverein.efringen.kirchen\/?hl=de\">Instagram<\/a> oder <a href=\"https:\/\/www.facebook.com\/MusikvereinEfringenKirchen\/?locale=de_DE\">Facebook<\/a>.\n<p style=\"text-align: left;\">Viele Gr\u00fc\u00dfe\nIhr MVEK<\/p>\n<!-- \/wp:post-content -->","protected":false},"excerpt":{"rendered":"<p>Wir freuen uns, Sie auf unserer Homepage des Musikvereins Efringen-Kirchen begr\u00fc\u00dfen zu d\u00fcrfen. Bei uns k\u00f6nnen Kinder ab einem Alter von 4 Jahren mit den Musikzwergen Ihre musikalische Laufbahn starten. Wir freuen uns Sie bei unseren Konzerten begr\u00fc\u00dfen zu d\u00fcrfen!<\/p>\n","protected":false},"author":1,"featured_media":0,"parent":0,"menu_order":0,"comment_status":"closed","ping_status":"closed","template":"","meta":{"footnotes":""},"class_list":["post-12","page","type-page","status-publish","hentry"],"aioseo_notices":[],"_links":{"self":[{"href":"https:\/\/mvek.de\/index.php?rest_route=\/wp\/v2\/pages\/12","targetHints":{"allow":["GET"]}}],"collection":[{"href":"https:\/\/mvek.de\/index.php?rest_route=\/wp\/v2\/pages"}],"about":[{"href":"https:\/\/mvek.de\/index.php?rest_route=\/wp\/v2\/types\/page"}],"author":[{"embeddable":true,"href":"https:\/\/mvek.de\/index.php?rest_route=\/wp\/v2\/users\/1"}],"replies":[{"embeddable":true,"href":"https:\/\/mvek.de\/index.php?rest_route=%2Fwp%2Fv2%2Fcomments&post=12"}],"version-history":[{"count":70,"href":"https:\/\/mvek.de\/index.php?rest_route=\/wp\/v2\/pages\/12\/revisions"}],"predecessor-version":[{"id":1152,"href":"https:\/\/mvek.de\/index.php?rest_route=\/wp\/v2\/pages\/12\/revisions\/1152"}],"wp:attachment":[{"href":"https:\/\/mvek.de\/index.php?rest_route=%2Fwp%2Fv2%2Fmedia&parent=12"}],"curies":[{"name":"wp","href":"https:\/\/api.w.org\/{rel}","templated":true}]}}