{"id":514,"date":"2020-11-07T08:32:54","date_gmt":"2020-11-07T08:32:54","guid":{"rendered":"http:\/\/mvek.de\/?page_id=514"},"modified":"2023-07-05T15:26:01","modified_gmt":"2023-07-05T15:26:01","slug":"geschichte-jugendorchester","status":"publish","type":"page","link":"https:\/\/mvek.de\/?page_id=514","title":{"rendered":"Geschichte Jugendorchester"},"content":{"rendered":"<p><strong>1946 &#8211; 1979<\/strong><\/p>\n<p>Nach der Wiederaufnahme der Vereinsaktivit\u00e4ten wurde 1946 der Jugendausbildung h\u00f6chste Priorit\u00e4t zuteil. Damit legte man die Basis f\u00fcr den Fortbestand des Musikvereins. Das Interesse, ein Instrument zu lernen, war bei den Kindern und Jugendlichen gro\u00df. Die Ausbildung \u00fcbernahm der Dirigent des Aktivorchesters Alfred Faller. Nach der Ausbildung war die Grundlage zum gemeinsamen Musizieren geschaffen. Der Musikverein Efringen-Kirchen hatte nach dem Krieg eine der ersten Jugendgruppen im Bezirk. Das Jugendorchester hatte Auftritte in der ganzen Region und wurde mit dem Pferdefuhrwerk zu den Veranstaltungen gefahren. Nach dem pl\u00f6tzlichen Tod des Dirigenten 1958 organisierte der sp\u00e4tere vorstand Walter Werner die weitere Jugendausbildung durch Aktivmusiker.<\/p>\n<p>In den 60er Jahren unterhielten die meisten Musikvereine im Bezirk II des Alemannischen Musikverbands (AMV) kleinere Jugendgruppen. Um das Musizieren in einer gr\u00f6\u00dferen Formation zu erm\u00f6glichen, wurden die Musikvereine 1962 aufgerufen ihre Jugendlichen zur Weiterbildung und zum Orchesterspiel zu schicken. Wilhelm Fahrenfeld fungierte in der Aula in Efringen-Kirchen als Kapellmeister und bildete ab diesem Zeitpunkt \u00fcber 50 Jungmusiker aus. Nach den Weiterbildungskursen formierte sich die Jugendkapelle im Bezirk II des AMV, aus der das Jugendorchester Markgr\u00e4flerland wurde, das von Wilhelm Fahrenfeld geleitet wurde. Er bildete ab 1965 auch die Jugendlichen des Musikvereins aus, darunter die ersten M\u00e4dchen. Dank seines Einsatzes, sicherte er den Fortbestand dem MVEK f\u00fcr viele Jahre.<\/p>\n<hr \/>\n<p><strong>1980 \u2013 heute:<\/strong><\/p>\n<p>Ab 1983 wurde die Jugendausbildung unter der Leitung von Adolf Kalkovski neu aufgestellt.<\/p>\n<p>Durch sein Engagement umfasste das Aktivorchester Ende der 80er Jahre rund 60 Musiker.<\/p>\n<p>Nach der Aufl\u00f6sung des Jugendorchester Markgr\u00e4flerland Mitte der 90er Jahre gr\u00fcndete der MVEK sein eigenes Jugendorchester. Als dieses 2002 keinen Dirigenten mehr hatte, \u00fcbernahm der damalige Jugendleiter Christian Zoller die musikalische Leitung und suchte gleichzeitig einen neuen Dirigenten. Bereits im Herbst 2002 \u00fcbernahm Daniel Strozzi den Taktstock. Die Nachwuchsgewinnung gestaltete sich zunehmen schwierig und so organisierten die Musikvereine Efringen-Kirchen und Istein ein gemeinsames Jugendorchester.<br \/>\n2007 \u00fcbernahm Carl-Philipp Rombach das Jugendorchester als Dirigent. Gemeinsam mit dem Schulzentrum Efringen-Kirchen verwirklichte er die erste Bl\u00e4serklasse.<\/p>\n<p>Als Carl-Philipp Rombach 2011 den Taktstock niederlegte und kein Nachfolger gefunden werden konnte, erkl\u00e4rte sich Thomas Schmid aus Istein bereit, das Dirigat zu \u00fcbernehmen. Im Juni 2015 beschlossen die Verantwortlichen beider Musikvereine, die Jugendarbeit wieder getrennt zu organisieren. Das bestehende Jugendorchester Efringen-Kirchen \/ Istein wurde aufgel\u00f6st und der Aktivmusiker Jan M\u00fcller \u00fcbernahm im September 2015 die musikalische Leitung. Das heutige Jungendorchester wird seit Juli 2021 von Udo Schmitz, Dirigent des Aktivorchesters, geleitet. Seit Februar 2023 kooperiert das Jugendorchester mit dem Jugendorchester Tannenkirch.<\/p>\n","protected":false},"excerpt":{"rendered":"<p>1946 &#8211; 1979 Nach der Wiederaufnahme der Vereinsaktivit\u00e4ten wurde 1946 der Jugendausbildung h\u00f6chste Priorit\u00e4t zuteil. Damit legte man die Basis f\u00fcr den Fortbestand des Musikvereins. Das Interesse, ein Instrument zu lernen, war bei den Kindern und Jugendlichen gro\u00df. Die Ausbildung<\/p>\n","protected":false},"author":1,"featured_media":0,"parent":142,"menu_order":0,"comment_status":"closed","ping_status":"closed","template":"","meta":{"footnotes":""},"class_list":["post-514","page","type-page","status-publish","hentry"],"aioseo_notices":[],"_links":{"self":[{"href":"https:\/\/mvek.de\/index.php?rest_route=\/wp\/v2\/pages\/514","targetHints":{"allow":["GET"]}}],"collection":[{"href":"https:\/\/mvek.de\/index.php?rest_route=\/wp\/v2\/pages"}],"about":[{"href":"https:\/\/mvek.de\/index.php?rest_route=\/wp\/v2\/types\/page"}],"author":[{"embeddable":true,"href":"https:\/\/mvek.de\/index.php?rest_route=\/wp\/v2\/users\/1"}],"replies":[{"embeddable":true,"href":"https:\/\/mvek.de\/index.php?rest_route=%2Fwp%2Fv2%2Fcomments&post=514"}],"version-history":[{"count":4,"href":"https:\/\/mvek.de\/index.php?rest_route=\/wp\/v2\/pages\/514\/revisions"}],"predecessor-version":[{"id":953,"href":"https:\/\/mvek.de\/index.php?rest_route=\/wp\/v2\/pages\/514\/revisions\/953"}],"up":[{"embeddable":true,"href":"https:\/\/mvek.de\/index.php?rest_route=\/wp\/v2\/pages\/142"}],"wp:attachment":[{"href":"https:\/\/mvek.de\/index.php?rest_route=%2Fwp%2Fv2%2Fmedia&parent=514"}],"curies":[{"name":"wp","href":"https:\/\/api.w.org\/{rel}","templated":true}]}}